{"id":28,"date":"2025-12-09T14:21:55","date_gmt":"2025-12-09T14:21:55","guid":{"rendered":"https:\/\/chrisalcazar-correction.fr\/?page_id=28"},"modified":"2026-02-27T15:28:43","modified_gmt":"2026-02-27T15:28:43","slug":"blog","status":"publish","type":"page","link":"https:\/\/chrisalcazar-correction.fr\/index.php\/blog\/","title":{"rendered":"Blog"},"content":{"rendered":"\t\t<div data-elementor-type=\"wp-page\" data-elementor-id=\"28\" class=\"elementor elementor-28\">\n\t\t\t\t<div class=\"elementor-element elementor-element-d664d0d e-flex e-con-boxed e-con e-parent\" data-id=\"d664d0d\" data-element_type=\"container\" data-e-type=\"container\" data-settings=\"{&quot;background_background&quot;:&quot;classic&quot;,&quot;shape_divider_top&quot;:&quot;mountains&quot;}\">\n\t\t\t\t\t<div class=\"e-con-inner\">\n\t\t\t\t<div class=\"elementor-shape elementor-shape-top\" aria-hidden=\"true\" data-negative=\"false\">\n\t\t\t<svg xmlns=\"http:\/\/www.w3.org\/2000\/svg\" viewBox=\"0 0 1000 100\" preserveAspectRatio=\"none\">\n\t<path class=\"elementor-shape-fill\" opacity=\"0.33\" d=\"M473,67.3c-203.9,88.3-263.1-34-320.3,0C66,119.1,0,59.7,0,59.7V0h1000v59.7 c0,0-62.1,26.1-94.9,29.3c-32.8,3.3-62.8-12.3-75.8-22.1C806,49.6,745.3,8.7,694.9,4.7S492.4,59,473,67.3z\"\/>\n\t<path class=\"elementor-shape-fill\" opacity=\"0.66\" d=\"M734,67.3c-45.5,0-77.2-23.2-129.1-39.1c-28.6-8.7-150.3-10.1-254,39.1 s-91.7-34.4-149.2,0C115.7,118.3,0,39.8,0,39.8V0h1000v36.5c0,0-28.2-18.5-92.1-18.5C810.2,18.1,775.7,67.3,734,67.3z\"\/>\n\t<path class=\"elementor-shape-fill\" d=\"M766.1,28.9c-200-57.5-266,65.5-395.1,19.5C242,1.8,242,5.4,184.8,20.6C128,35.8,132.3,44.9,89.9,52.5C28.6,63.7,0,0,0,0 h1000c0,0-9.9,40.9-83.6,48.1S829.6,47,766.1,28.9z\"\/>\n<\/svg>\t\t<\/div>\n\t\t\t\t<div class=\"elementor-element elementor-element-cca6123 elementor-widget elementor-widget-heading\" data-id=\"cca6123\" data-element_type=\"widget\" data-e-type=\"widget\" data-widget_type=\"heading.default\">\n\t\t\t\t\t<h2 class=\"elementor-heading-title elementor-size-default\">Blog<\/h2>\t\t\t\t<\/div>\n\t\t\t\t\t<\/div>\n\t\t\t\t<\/div>\n\t\t<div class=\"elementor-element elementor-element-b1fc586 e-flex e-con-boxed e-con e-parent\" data-id=\"b1fc586\" data-element_type=\"container\" data-e-type=\"container\">\n\t\t\t\t\t<div class=\"e-con-inner\">\n\t\t\t\t<div class=\"elementor-element elementor-element-5875635 elementor-widget elementor-widget-heading\" data-id=\"5875635\" data-element_type=\"widget\" data-e-type=\"widget\" data-widget_type=\"heading.default\">\n\t\t\t\t\t<h3 class=\"elementor-heading-title elementor-size-default\">Les derniers posts<\/h3>\t\t\t\t<\/div>\n\t\t\t\t\t<\/div>\n\t\t\t\t<\/div>\n\t\t<div class=\"elementor-element elementor-element-6d794d7 e-flex e-con-boxed e-con e-parent\" data-id=\"6d794d7\" data-element_type=\"container\" data-e-type=\"container\">\n\t\t\t\t\t<div class=\"e-con-inner\">\n\t\t\t\t<div class=\"elementor-element elementor-element-6434060 elementor-grid-3 elementor-grid-tablet-2 elementor-grid-mobile-1 elementor-widget elementor-widget-elementor-blog-posts\" data-id=\"6434060\" data-element_type=\"widget\" data-e-type=\"widget\" data-settings=\"{&quot;columns&quot;:&quot;3&quot;,&quot;columns_tablet&quot;:&quot;2&quot;,&quot;columns_mobile&quot;:&quot;1&quot;}\" data-widget_type=\"elementor-blog-posts.default\">\n\t\t\t\t<div class=\"elementor-widget-container\">\n\t\t\t\t\t\t\t<div class=\"wpcap-grid\">\n\t\t\t\t\t\t<div class=\"wpcap-grid-container elementor-grid wpcap-grid-desktop-3 wpcap-grid-tablet-2 wpcap-grid-mobile-1 grid-meta-bottom\">\n\n\t\t\t\t\n        <article id=\"post-2127\" class=\"wpcap-post post-2127 post type-post status-publish format-standard has-post-thumbnail hentry category-bilan-mensuel-lectures tag-bilan tag-lecture\">\n         \n            <div class=\"post-grid-inner\">\n            \t\n            \t\t\t\t<div class=\"post-grid-thumbnail\">\n\t\t\t\t<a href=\"https:\/\/chrisalcazar-correction.fr\/index.php\/2026\/04\/02\/bilan-de-mars-2026\/\">\n\t\t\t\t\t<img fetchpriority=\"high\" decoding=\"async\" width=\"1080\" height=\"1350\" src=\"https:\/\/chrisalcazar-correction.fr\/wp-content\/uploads\/2026\/04\/couv-Bilan-lecture-mars-2026-chris-alcazar-relecture-et-correction.png\" class=\"attachment-full size-full wp-post-image\" alt=\"couv Bilan lecture mars 2026 chris alcazar relecture et correction\" srcset=\"https:\/\/chrisalcazar-correction.fr\/wp-content\/uploads\/2026\/04\/couv-Bilan-lecture-mars-2026-chris-alcazar-relecture-et-correction.png 1080w, https:\/\/chrisalcazar-correction.fr\/wp-content\/uploads\/2026\/04\/couv-Bilan-lecture-mars-2026-chris-alcazar-relecture-et-correction-240x300.png 240w, https:\/\/chrisalcazar-correction.fr\/wp-content\/uploads\/2026\/04\/couv-Bilan-lecture-mars-2026-chris-alcazar-relecture-et-correction-819x1024.png 819w, https:\/\/chrisalcazar-correction.fr\/wp-content\/uploads\/2026\/04\/couv-Bilan-lecture-mars-2026-chris-alcazar-relecture-et-correction-768x960.png 768w\" sizes=\"(max-width: 1080px) 100vw, 1080px\" \/>\t\t\t\t<\/a>\n\t\t\t<\/div>\n        \n                <div class=\"post-grid-text-wrap\">\n               \t\t\t\t<h3 class=\"title\">\n\t\t\t<a href=\"https:\/\/chrisalcazar-correction.fr\/index.php\/2026\/04\/02\/bilan-de-mars-2026\/\">Bilan de mars 2026<\/a>\n\t\t<\/h3>\n\t\t\t                \t                \t\t<a class=\"read-more-btn\" href=\"https:\/\/chrisalcazar-correction.fr\/index.php\/2026\/04\/02\/bilan-de-mars-2026\/\">Lire la suite \u00bb<\/a>\n\t\t                <\/div>\n\n                \t\t<div class=\"post-grid-meta\">\n\t\t\t<span class=\"post-categories\"><a href=\"https:\/\/chrisalcazar-correction.fr\/index.php\/category\/bilan-mensuel-lectures\/\" rel=\"category tag\">Bilan mensuel de mes lectures<\/a><\/span>\t\t<\/div>\n\t\t\n            <\/div><!-- .blog-inner -->\n           \n        <\/article>\n\n        \n        <article id=\"post-2060\" class=\"wpcap-post post-2060 post type-post status-publish format-standard has-post-thumbnail hentry category-relecture-correction tag-astuce tag-ecriture tag-manuscrit tag-style\">\n         \n            <div class=\"post-grid-inner\">\n            \t\n            \t\t\t\t<div class=\"post-grid-thumbnail\">\n\t\t\t\t<a href=\"https:\/\/chrisalcazar-correction.fr\/index.php\/2026\/03\/26\/astuces-ecriture-style-manuscrit\/\">\n\t\t\t\t\t<img decoding=\"async\" width=\"900\" height=\"600\" src=\"https:\/\/chrisalcazar-correction.fr\/wp-content\/uploads\/2026\/01\/Chris-Alcazar-architecte-des-mots-relecture-correction-a-propos-ecriture.png\" class=\"attachment-full size-full wp-post-image\" alt=\"Chris Alcazar-architecte-des-mots-relecture-correction a propos \u00e9criture\" srcset=\"https:\/\/chrisalcazar-correction.fr\/wp-content\/uploads\/2026\/01\/Chris-Alcazar-architecte-des-mots-relecture-correction-a-propos-ecriture.png 900w, https:\/\/chrisalcazar-correction.fr\/wp-content\/uploads\/2026\/01\/Chris-Alcazar-architecte-des-mots-relecture-correction-a-propos-ecriture-300x200.png 300w, https:\/\/chrisalcazar-correction.fr\/wp-content\/uploads\/2026\/01\/Chris-Alcazar-architecte-des-mots-relecture-correction-a-propos-ecriture-768x512.png 768w\" sizes=\"(max-width: 900px) 100vw, 900px\" \/>\t\t\t\t<\/a>\n\t\t\t<\/div>\n        \n                <div class=\"post-grid-text-wrap\">\n               \t\t\t\t<h3 class=\"title\">\n\t\t\t<a href=\"https:\/\/chrisalcazar-correction.fr\/index.php\/2026\/03\/26\/astuces-ecriture-style-manuscrit\/\">4 astuces d\u2019\u00e9criture pour am\u00e9liorer son style et rendre son texte plus fluide<\/a>\n\t\t<\/h3>\n\t\t\t                \t                \t\t<a class=\"read-more-btn\" href=\"https:\/\/chrisalcazar-correction.fr\/index.php\/2026\/03\/26\/astuces-ecriture-style-manuscrit\/\">Lire la suite \u00bb<\/a>\n\t\t                <\/div>\n\n                \t\t<div class=\"post-grid-meta\">\n\t\t\t<span class=\"post-categories\"><a href=\"https:\/\/chrisalcazar-correction.fr\/index.php\/category\/relecture-correction\/\" rel=\"category tag\">Relecture &amp; Correction<\/a><\/span>\t\t<\/div>\n\t\t\n            <\/div><!-- .blog-inner -->\n           \n        <\/article>\n\n        \n        <article id=\"post-1923\" class=\"wpcap-post post-1923 post type-post status-publish format-standard has-post-thumbnail hentry category-bilan-mensuel-lectures tag-bilan tag-lecture\">\n         \n            <div class=\"post-grid-inner\">\n            \t\n            \t\t\t\t<div class=\"post-grid-thumbnail\">\n\t\t\t\t<a href=\"https:\/\/chrisalcazar-correction.fr\/index.php\/2026\/03\/04\/bilan-de-fevrier-2026\/\">\n\t\t\t\t\t<img decoding=\"async\" width=\"1080\" height=\"1350\" src=\"https:\/\/chrisalcazar-correction.fr\/wp-content\/uploads\/2026\/03\/couv-Bilan-lecture-fevrier-2026-chris-alcazar-relecture-et-correction.png\" class=\"attachment-full size-full wp-post-image\" alt=\"couv Bilan lecture fevrier 2026 chris alcazar relecture et correction\" srcset=\"https:\/\/chrisalcazar-correction.fr\/wp-content\/uploads\/2026\/03\/couv-Bilan-lecture-fevrier-2026-chris-alcazar-relecture-et-correction.png 1080w, https:\/\/chrisalcazar-correction.fr\/wp-content\/uploads\/2026\/03\/couv-Bilan-lecture-fevrier-2026-chris-alcazar-relecture-et-correction-240x300.png 240w, https:\/\/chrisalcazar-correction.fr\/wp-content\/uploads\/2026\/03\/couv-Bilan-lecture-fevrier-2026-chris-alcazar-relecture-et-correction-819x1024.png 819w, https:\/\/chrisalcazar-correction.fr\/wp-content\/uploads\/2026\/03\/couv-Bilan-lecture-fevrier-2026-chris-alcazar-relecture-et-correction-768x960.png 768w\" sizes=\"(max-width: 1080px) 100vw, 1080px\" \/>\t\t\t\t<\/a>\n\t\t\t<\/div>\n        \n                <div class=\"post-grid-text-wrap\">\n               \t\t\t\t<h3 class=\"title\">\n\t\t\t<a href=\"https:\/\/chrisalcazar-correction.fr\/index.php\/2026\/03\/04\/bilan-de-fevrier-2026\/\">Bilan de f\u00e9vrier 2026<\/a>\n\t\t<\/h3>\n\t\t\t                \t                \t\t<a class=\"read-more-btn\" href=\"https:\/\/chrisalcazar-correction.fr\/index.php\/2026\/03\/04\/bilan-de-fevrier-2026\/\">Lire la suite \u00bb<\/a>\n\t\t                <\/div>\n\n                \t\t<div class=\"post-grid-meta\">\n\t\t\t<span class=\"post-categories\"><a href=\"https:\/\/chrisalcazar-correction.fr\/index.php\/category\/bilan-mensuel-lectures\/\" rel=\"category tag\">Bilan mensuel de mes lectures<\/a><\/span>\t\t<\/div>\n\t\t\n            <\/div><!-- .blog-inner -->\n           \n        <\/article>\n\n        \n        <article id=\"post-1850\" class=\"wpcap-post post-1850 post type-post status-publish format-standard has-post-thumbnail hentry category-relecture-correction tag-beta-lecture tag-correction\">\n         \n            <div class=\"post-grid-inner\">\n            \t\n            \t\t\t\t<div class=\"post-grid-thumbnail\">\n\t\t\t\t<a href=\"https:\/\/chrisalcazar-correction.fr\/index.php\/2026\/02\/17\/beta-lecture-correction-editoriale-difference\/\">\n\t\t\t\t\t<img loading=\"lazy\" decoding=\"async\" width=\"614\" height=\"473\" src=\"https:\/\/chrisalcazar-correction.fr\/wp-content\/uploads\/2026\/01\/Chris-Alcazar-architecte-des-mots-relecture-correction-Alpha-lecture.jpg\" class=\"attachment-full size-full wp-post-image\" alt=\"Chris Alcazar-architecte-des-mots-relecture-correction-Alpha-lecture\" srcset=\"https:\/\/chrisalcazar-correction.fr\/wp-content\/uploads\/2026\/01\/Chris-Alcazar-architecte-des-mots-relecture-correction-Alpha-lecture.jpg 614w, https:\/\/chrisalcazar-correction.fr\/wp-content\/uploads\/2026\/01\/Chris-Alcazar-architecte-des-mots-relecture-correction-Alpha-lecture-300x231.jpg 300w\" sizes=\"(max-width: 614px) 100vw, 614px\" \/>\t\t\t\t<\/a>\n\t\t\t<\/div>\n        \n                <div class=\"post-grid-text-wrap\">\n               \t\t\t\t<h3 class=\"title\">\n\t\t\t<a href=\"https:\/\/chrisalcazar-correction.fr\/index.php\/2026\/02\/17\/beta-lecture-correction-editoriale-difference\/\">B\u00eata-lecture ou correction \u00e9ditoriale : quelle diff\u00e9rence pour votre manuscrit ?<\/a>\n\t\t<\/h3>\n\t\t\t                \t                \t\t<a class=\"read-more-btn\" href=\"https:\/\/chrisalcazar-correction.fr\/index.php\/2026\/02\/17\/beta-lecture-correction-editoriale-difference\/\">Lire la suite \u00bb<\/a>\n\t\t                <\/div>\n\n                \t\t<div class=\"post-grid-meta\">\n\t\t\t<span class=\"post-categories\"><a href=\"https:\/\/chrisalcazar-correction.fr\/index.php\/category\/relecture-correction\/\" rel=\"category tag\">Relecture &amp; Correction<\/a><\/span>\t\t<\/div>\n\t\t\n            <\/div><!-- .blog-inner -->\n           \n        <\/article>\n\n        \n        <article id=\"post-1670\" class=\"wpcap-post post-1670 post type-post status-publish format-standard has-post-thumbnail hentry category-bilan-mensuel-lectures tag-bilan tag-lecture\">\n         \n            <div class=\"post-grid-inner\">\n            \t\n            \t\t\t\t<div class=\"post-grid-thumbnail\">\n\t\t\t\t<a href=\"https:\/\/chrisalcazar-correction.fr\/index.php\/2026\/02\/02\/bilan-de-janvier-2026\/\">\n\t\t\t\t\t<img loading=\"lazy\" decoding=\"async\" width=\"1080\" height=\"1080\" src=\"https:\/\/chrisalcazar-correction.fr\/wp-content\/uploads\/2026\/02\/couv-Bilan-lecture-janvier-2026-chris-alcazar-relecture-et-correction.png\" class=\"attachment-full size-full wp-post-image\" alt=\"couv Bilan lecture janvier 2026 chris alcazar relecture et correction\" srcset=\"https:\/\/chrisalcazar-correction.fr\/wp-content\/uploads\/2026\/02\/couv-Bilan-lecture-janvier-2026-chris-alcazar-relecture-et-correction.png 1080w, https:\/\/chrisalcazar-correction.fr\/wp-content\/uploads\/2026\/02\/couv-Bilan-lecture-janvier-2026-chris-alcazar-relecture-et-correction-300x300.png 300w, https:\/\/chrisalcazar-correction.fr\/wp-content\/uploads\/2026\/02\/couv-Bilan-lecture-janvier-2026-chris-alcazar-relecture-et-correction-1024x1024.png 1024w, https:\/\/chrisalcazar-correction.fr\/wp-content\/uploads\/2026\/02\/couv-Bilan-lecture-janvier-2026-chris-alcazar-relecture-et-correction-150x150.png 150w, https:\/\/chrisalcazar-correction.fr\/wp-content\/uploads\/2026\/02\/couv-Bilan-lecture-janvier-2026-chris-alcazar-relecture-et-correction-768x768.png 768w\" sizes=\"(max-width: 1080px) 100vw, 1080px\" \/>\t\t\t\t<\/a>\n\t\t\t<\/div>\n        \n                <div class=\"post-grid-text-wrap\">\n               \t\t\t\t<h3 class=\"title\">\n\t\t\t<a href=\"https:\/\/chrisalcazar-correction.fr\/index.php\/2026\/02\/02\/bilan-de-janvier-2026\/\">Bilan de janvier 2026<\/a>\n\t\t<\/h3>\n\t\t\t                \t                \t\t<a class=\"read-more-btn\" href=\"https:\/\/chrisalcazar-correction.fr\/index.php\/2026\/02\/02\/bilan-de-janvier-2026\/\">Lire la suite \u00bb<\/a>\n\t\t                <\/div>\n\n                \t\t<div class=\"post-grid-meta\">\n\t\t\t<span class=\"post-categories\"><a href=\"https:\/\/chrisalcazar-correction.fr\/index.php\/category\/bilan-mensuel-lectures\/\" rel=\"category tag\">Bilan mensuel de mes lectures<\/a><\/span>\t\t<\/div>\n\t\t\n            <\/div><!-- .blog-inner -->\n           \n        <\/article>\n\n        \n\t\t\t<\/div>\n\t\t<\/div>\n\t\t\t\t\t\t<\/div>\n\t\t\t\t<\/div>\n\t\t\t\t\t<\/div>\n\t\t\t\t<\/div>\n\t\t\t\t<\/div>\n\t\t","protected":false},"excerpt":{"rendered":"<p>Blog Les derniers posts Bilan de janvier 2026 Lire la suite \u00bb Bilan mensuel de mes lectures<\/p>\n","protected":false},"author":1,"featured_media":0,"parent":0,"menu_order":0,"comment_status":"closed","ping_status":"closed","template":"","meta":{"_kadence_starter_templates_imported_post":false,"_kad_post_transparent":"default","_kad_post_title":"hide","_kad_post_layout":"fullwidth","_kad_post_sidebar_id":"","_kad_post_content_style":"unboxed","_kad_post_vertical_padding":"hide","_kad_post_feature":"hide","_kad_post_feature_position":"","_kad_post_header":false,"_kad_post_footer":false,"_kad_post_classname":"","footnotes":""},"class_list":["post-28","page","type-page","status-publish","hentry"],"yoast_head":"<!-- This site is optimized with the Yoast SEO plugin v27.3 - https:\/\/yoast.com\/product\/yoast-seo-wordpress\/ -->\n<title>Blog - Chris Alcazar - Conseils d&#039;\u00e9criture, relecture et correction<\/title>\n<meta name=\"description\" content=\"Conseils pour am\u00e9liorer vos \u00e9crits : relecture, correction de manuscrit, pr\u00e9paration \u00e0 l\u2019\u00e9dition et bonnes pratiques r\u00e9dactionnelles.\" \/>\n<meta name=\"robots\" content=\"index, follow, max-snippet:-1, max-image-preview:large, max-video-preview:-1\" \/>\n<link rel=\"canonical\" href=\"https:\/\/chrisalcazar-correction.fr\/index.php\/blog\/\" \/>\n<meta property=\"og:locale\" content=\"fr_FR\" \/>\n<meta property=\"og:type\" content=\"article\" \/>\n<meta property=\"og:title\" content=\"Blog - Chris Alcazar - Conseils d&#039;\u00e9criture, relecture et correction\" \/>\n<meta property=\"og:description\" content=\"Conseils pour am\u00e9liorer vos \u00e9crits : relecture, correction de manuscrit, pr\u00e9paration \u00e0 l\u2019\u00e9dition et bonnes pratiques r\u00e9dactionnelles.\" \/>\n<meta property=\"og:url\" content=\"https:\/\/chrisalcazar-correction.fr\/index.php\/blog\/\" \/>\n<meta property=\"og:site_name\" content=\"Chris Alcazar - Architecte des mots\" \/>\n<meta property=\"article:publisher\" content=\"https:\/\/www.facebook.com\/chrisalcazarcorrection\" \/>\n<meta property=\"article:modified_time\" content=\"2026-02-27T15:28:43+00:00\" \/>\n<meta property=\"og:image\" content=\"http:\/\/chrisalcazar-correction.fr\/wp-content\/uploads\/2026\/02\/couv-Bilan-lecture-janvier-2026-chris-alcazar-relecture-et-correction.png\" \/>\n<meta name=\"twitter:card\" content=\"summary_large_image\" \/>\n<meta name=\"twitter:label1\" content=\"Dur\u00e9e de lecture estim\u00e9e\" \/>\n\t<meta name=\"twitter:data1\" content=\"1 minute\" \/>\n<script type=\"application\/ld+json\" class=\"yoast-schema-graph\">{\"@context\":\"https:\\\/\\\/schema.org\",\"@graph\":[{\"@type\":\"WebPage\",\"@id\":\"https:\\\/\\\/chrisalcazar-correction.fr\\\/index.php\\\/blog\\\/\",\"url\":\"https:\\\/\\\/chrisalcazar-correction.fr\\\/index.php\\\/blog\\\/\",\"name\":\"Blog - Chris Alcazar - Conseils d'\u00e9criture, relecture et correction\",\"isPartOf\":{\"@id\":\"http:\\\/\\\/chrisalcazar-correction.fr\\\/#website\"},\"primaryImageOfPage\":{\"@id\":\"https:\\\/\\\/chrisalcazar-correction.fr\\\/index.php\\\/blog\\\/#primaryimage\"},\"image\":{\"@id\":\"https:\\\/\\\/chrisalcazar-correction.fr\\\/index.php\\\/blog\\\/#primaryimage\"},\"thumbnailUrl\":\"http:\\\/\\\/chrisalcazar-correction.fr\\\/wp-content\\\/uploads\\\/2026\\\/02\\\/couv-Bilan-lecture-janvier-2026-chris-alcazar-relecture-et-correction.png\",\"datePublished\":\"2025-12-09T14:21:55+00:00\",\"dateModified\":\"2026-02-27T15:28:43+00:00\",\"description\":\"Conseils pour am\u00e9liorer vos \u00e9crits : relecture, correction de manuscrit, pr\u00e9paration \u00e0 l\u2019\u00e9dition et bonnes pratiques r\u00e9dactionnelles.\",\"breadcrumb\":{\"@id\":\"https:\\\/\\\/chrisalcazar-correction.fr\\\/index.php\\\/blog\\\/#breadcrumb\"},\"inLanguage\":\"fr-FR\",\"potentialAction\":[{\"@type\":\"ReadAction\",\"target\":[\"https:\\\/\\\/chrisalcazar-correction.fr\\\/index.php\\\/blog\\\/\"]}]},{\"@type\":\"ImageObject\",\"inLanguage\":\"fr-FR\",\"@id\":\"https:\\\/\\\/chrisalcazar-correction.fr\\\/index.php\\\/blog\\\/#primaryimage\",\"url\":\"http:\\\/\\\/chrisalcazar-correction.fr\\\/wp-content\\\/uploads\\\/2026\\\/02\\\/couv-Bilan-lecture-janvier-2026-chris-alcazar-relecture-et-correction.png\",\"contentUrl\":\"http:\\\/\\\/chrisalcazar-correction.fr\\\/wp-content\\\/uploads\\\/2026\\\/02\\\/couv-Bilan-lecture-janvier-2026-chris-alcazar-relecture-et-correction.png\"},{\"@type\":\"BreadcrumbList\",\"@id\":\"https:\\\/\\\/chrisalcazar-correction.fr\\\/index.php\\\/blog\\\/#breadcrumb\",\"itemListElement\":[{\"@type\":\"ListItem\",\"position\":1,\"name\":\"Accueil\",\"item\":\"http:\\\/\\\/chrisalcazar-correction.fr\\\/\"},{\"@type\":\"ListItem\",\"position\":2,\"name\":\"Blog\"}]},{\"@type\":\"WebSite\",\"@id\":\"http:\\\/\\\/chrisalcazar-correction.fr\\\/#website\",\"url\":\"http:\\\/\\\/chrisalcazar-correction.fr\\\/\",\"name\":\"Chris Alcazar - Architecte des mots\",\"description\":\"Relecture &amp; Correction\",\"publisher\":{\"@id\":\"http:\\\/\\\/chrisalcazar-correction.fr\\\/#organization\"},\"potentialAction\":[{\"@type\":\"SearchAction\",\"target\":{\"@type\":\"EntryPoint\",\"urlTemplate\":\"http:\\\/\\\/chrisalcazar-correction.fr\\\/?s={search_term_string}\"},\"query-input\":{\"@type\":\"PropertyValueSpecification\",\"valueRequired\":true,\"valueName\":\"search_term_string\"}}],\"inLanguage\":\"fr-FR\"},{\"@type\":\"Organization\",\"@id\":\"http:\\\/\\\/chrisalcazar-correction.fr\\\/#organization\",\"name\":\"Chris Alcazar - Architecte des mots\",\"url\":\"http:\\\/\\\/chrisalcazar-correction.fr\\\/\",\"logo\":{\"@type\":\"ImageObject\",\"inLanguage\":\"fr-FR\",\"@id\":\"http:\\\/\\\/chrisalcazar-correction.fr\\\/#\\\/schema\\\/logo\\\/image\\\/\",\"url\":\"https:\\\/\\\/chrisalcazar-correction.fr\\\/wp-content\\\/uploads\\\/2025\\\/12\\\/cropped-logo-paysage-chris-alcazar-relecture-correction.png\",\"contentUrl\":\"https:\\\/\\\/chrisalcazar-correction.fr\\\/wp-content\\\/uploads\\\/2025\\\/12\\\/cropped-logo-paysage-chris-alcazar-relecture-correction.png\",\"width\":900,\"height\":250,\"caption\":\"Chris Alcazar - Architecte des mots\"},\"image\":{\"@id\":\"http:\\\/\\\/chrisalcazar-correction.fr\\\/#\\\/schema\\\/logo\\\/image\\\/\"},\"sameAs\":[\"https:\\\/\\\/www.facebook.com\\\/chrisalcazarcorrection\",\"https:\\\/\\\/www.instagram.com\\\/chroniques.by.chris\\\/\",\"https:\\\/\\\/www.linkedin.com\\\/in\\\/chris-alcazar-correctrice\"]}]}<\/script>\n<!-- \/ Yoast SEO plugin. -->","yoast_head_json":{"title":"Blog - Chris Alcazar - Conseils d'\u00e9criture, relecture et correction","description":"Conseils pour am\u00e9liorer vos \u00e9crits : relecture, correction de manuscrit, pr\u00e9paration \u00e0 l\u2019\u00e9dition et bonnes pratiques r\u00e9dactionnelles.","robots":{"index":"index","follow":"follow","max-snippet":"max-snippet:-1","max-image-preview":"max-image-preview:large","max-video-preview":"max-video-preview:-1"},"canonical":"https:\/\/chrisalcazar-correction.fr\/index.php\/blog\/","og_locale":"fr_FR","og_type":"article","og_title":"Blog - Chris Alcazar - Conseils d'\u00e9criture, relecture et correction","og_description":"Conseils pour am\u00e9liorer vos \u00e9crits : relecture, correction de manuscrit, pr\u00e9paration \u00e0 l\u2019\u00e9dition et bonnes pratiques r\u00e9dactionnelles.","og_url":"https:\/\/chrisalcazar-correction.fr\/index.php\/blog\/","og_site_name":"Chris Alcazar - Architecte des mots","article_publisher":"https:\/\/www.facebook.com\/chrisalcazarcorrection","article_modified_time":"2026-02-27T15:28:43+00:00","og_image":[{"url":"http:\/\/chrisalcazar-correction.fr\/wp-content\/uploads\/2026\/02\/couv-Bilan-lecture-janvier-2026-chris-alcazar-relecture-et-correction.png","type":"","width":"","height":""}],"twitter_card":"summary_large_image","twitter_misc":{"Dur\u00e9e de lecture estim\u00e9e":"1 minute"},"schema":{"@context":"https:\/\/schema.org","@graph":[{"@type":"WebPage","@id":"https:\/\/chrisalcazar-correction.fr\/index.php\/blog\/","url":"https:\/\/chrisalcazar-correction.fr\/index.php\/blog\/","name":"Blog - Chris Alcazar - Conseils d'\u00e9criture, relecture et correction","isPartOf":{"@id":"http:\/\/chrisalcazar-correction.fr\/#website"},"primaryImageOfPage":{"@id":"https:\/\/chrisalcazar-correction.fr\/index.php\/blog\/#primaryimage"},"image":{"@id":"https:\/\/chrisalcazar-correction.fr\/index.php\/blog\/#primaryimage"},"thumbnailUrl":"http:\/\/chrisalcazar-correction.fr\/wp-content\/uploads\/2026\/02\/couv-Bilan-lecture-janvier-2026-chris-alcazar-relecture-et-correction.png","datePublished":"2025-12-09T14:21:55+00:00","dateModified":"2026-02-27T15:28:43+00:00","description":"Conseils pour am\u00e9liorer vos \u00e9crits : relecture, correction de manuscrit, pr\u00e9paration \u00e0 l\u2019\u00e9dition et bonnes pratiques r\u00e9dactionnelles.","breadcrumb":{"@id":"https:\/\/chrisalcazar-correction.fr\/index.php\/blog\/#breadcrumb"},"inLanguage":"fr-FR","potentialAction":[{"@type":"ReadAction","target":["https:\/\/chrisalcazar-correction.fr\/index.php\/blog\/"]}]},{"@type":"ImageObject","inLanguage":"fr-FR","@id":"https:\/\/chrisalcazar-correction.fr\/index.php\/blog\/#primaryimage","url":"http:\/\/chrisalcazar-correction.fr\/wp-content\/uploads\/2026\/02\/couv-Bilan-lecture-janvier-2026-chris-alcazar-relecture-et-correction.png","contentUrl":"http:\/\/chrisalcazar-correction.fr\/wp-content\/uploads\/2026\/02\/couv-Bilan-lecture-janvier-2026-chris-alcazar-relecture-et-correction.png"},{"@type":"BreadcrumbList","@id":"https:\/\/chrisalcazar-correction.fr\/index.php\/blog\/#breadcrumb","itemListElement":[{"@type":"ListItem","position":1,"name":"Accueil","item":"http:\/\/chrisalcazar-correction.fr\/"},{"@type":"ListItem","position":2,"name":"Blog"}]},{"@type":"WebSite","@id":"http:\/\/chrisalcazar-correction.fr\/#website","url":"http:\/\/chrisalcazar-correction.fr\/","name":"Chris Alcazar - Architecte des mots","description":"Relecture &amp; Correction","publisher":{"@id":"http:\/\/chrisalcazar-correction.fr\/#organization"},"potentialAction":[{"@type":"SearchAction","target":{"@type":"EntryPoint","urlTemplate":"http:\/\/chrisalcazar-correction.fr\/?s={search_term_string}"},"query-input":{"@type":"PropertyValueSpecification","valueRequired":true,"valueName":"search_term_string"}}],"inLanguage":"fr-FR"},{"@type":"Organization","@id":"http:\/\/chrisalcazar-correction.fr\/#organization","name":"Chris Alcazar - Architecte des mots","url":"http:\/\/chrisalcazar-correction.fr\/","logo":{"@type":"ImageObject","inLanguage":"fr-FR","@id":"http:\/\/chrisalcazar-correction.fr\/#\/schema\/logo\/image\/","url":"https:\/\/chrisalcazar-correction.fr\/wp-content\/uploads\/2025\/12\/cropped-logo-paysage-chris-alcazar-relecture-correction.png","contentUrl":"https:\/\/chrisalcazar-correction.fr\/wp-content\/uploads\/2025\/12\/cropped-logo-paysage-chris-alcazar-relecture-correction.png","width":900,"height":250,"caption":"Chris Alcazar - Architecte des mots"},"image":{"@id":"http:\/\/chrisalcazar-correction.fr\/#\/schema\/logo\/image\/"},"sameAs":["https:\/\/www.facebook.com\/chrisalcazarcorrection","https:\/\/www.instagram.com\/chroniques.by.chris\/","https:\/\/www.linkedin.com\/in\/chris-alcazar-correctrice"]}]}},"jetpack_sharing_enabled":true,"_links":{"self":[{"href":"https:\/\/chrisalcazar-correction.fr\/index.php\/wp-json\/wp\/v2\/pages\/28","targetHints":{"allow":["GET"]}}],"collection":[{"href":"https:\/\/chrisalcazar-correction.fr\/index.php\/wp-json\/wp\/v2\/pages"}],"about":[{"href":"https:\/\/chrisalcazar-correction.fr\/index.php\/wp-json\/wp\/v2\/types\/page"}],"author":[{"embeddable":true,"href":"https:\/\/chrisalcazar-correction.fr\/index.php\/wp-json\/wp\/v2\/users\/1"}],"replies":[{"embeddable":true,"href":"https:\/\/chrisalcazar-correction.fr\/index.php\/wp-json\/wp\/v2\/comments?post=28"}],"version-history":[{"count":11,"href":"https:\/\/chrisalcazar-correction.fr\/index.php\/wp-json\/wp\/v2\/pages\/28\/revisions"}],"predecessor-version":[{"id":1904,"href":"https:\/\/chrisalcazar-correction.fr\/index.php\/wp-json\/wp\/v2\/pages\/28\/revisions\/1904"}],"wp:attachment":[{"href":"https:\/\/chrisalcazar-correction.fr\/index.php\/wp-json\/wp\/v2\/media?parent=28"}],"curies":[{"name":"wp","href":"https:\/\/api.w.org\/{rel}","templated":true}]}}